{"id":3,"date":"2025-05-13T14:30:35","date_gmt":"2025-05-13T11:30:35","guid":{"rendered":"https:\/\/carsiya.com\/?page_id=3"},"modified":"2025-05-14T13:39:45","modified_gmt":"2025-05-14T10:39:45","slug":"gizlilik-ilkesi","status":"publish","type":"page","link":"https:\/\/carsiya.com\/index.php\/gizlilik-ilkesi\/","title":{"rendered":"Gizlilik Politikas\u0131"},"content":{"rendered":"\n<p><strong>Son G\u00fcncelleme Tarihi:<\/strong>\u00a014 May\u0131s 2025<\/p>\n\n\n\n<p><strong>\u0130\u015fletme Ad\u0131:<\/strong>\u00a0carsiya.com<br><strong>Web Sitesi:<\/strong>\u00a0<a href=\"https:\/\/www.carsiya.com\/\" target=\"_blank\" rel=\"noreferrer noopener\">https:\/\/www.carsiya.com<\/a><br><strong>Veri Sorumlusu:<\/strong>\u00a0carsiya.com<br><strong>\u0130leti\u015fim:<\/strong>\u00a0e-posta: info@carsiya.com, Gsm: +90(505) 708 49 47, \u00d6rnek Mh. YunusEmre Cd. No:56 Ata\u015fehir-\u0130stanbul<\/p>\n\n\n\n<p>Bu Gizlilik Politikas\u0131,&nbsp;<strong>Carsiya.com<\/strong>&nbsp;\u00fczerinden sa\u011flad\u0131\u011f\u0131n\u0131z ki\u015fisel verilerinizin nas\u0131l topland\u0131\u011f\u0131n\u0131, i\u015flendi\u011fini ve korundu\u011funu a\u00e7\u0131klamaktad\u0131r.&nbsp;<strong>6698 say\u0131l\u0131 Ki\u015fisel Verilerin Korunmas\u0131 Kanunu (KVKK)<\/strong>&nbsp;ve ilgili mevzuata uygun olarak haz\u0131rlanm\u0131\u015ft\u0131r.<\/p>\n\n\n\n<h2 class=\"wp-block-heading\"><strong>1. Toplanan Ki\u015fisel Veriler<\/strong><\/h2>\n\n\n\n<p>Carsiya.com\u2019da a\u015fa\u011f\u0131daki ki\u015fisel verileriniz toplanabilir:<\/p>\n\n\n\n<ul class=\"wp-block-list\">\n<li><strong>Kimlik ve \u0130leti\u015fim Bilgileri:<\/strong>\u00a0Ad-soyad, e-posta, telefon numaras\u0131, fatura\/adres bilgileri.<\/li>\n\n\n\n<li><strong>Kullan\u0131c\u0131 Hesap Bilgileri:<\/strong>\u00a0Kullan\u0131c\u0131 ad\u0131, \u015fifre (\u015fifreler hash\u2019lenerek g\u00fcvenli \u015fekilde saklan\u0131r).<\/li>\n\n\n\n<li><strong>Google API ile Giri\u015f Yapan Kullan\u0131c\u0131lar:<\/strong>\u00a0Google hesab\u0131n\u0131zla oturum a\u00e7arken, Google taraf\u0131ndan sa\u011flanan e-posta ve profil bilgileri (izinli olarak).<\/li>\n\n\n\n<li><strong>Teknik Veriler:<\/strong>\u00a0IP adresi, taray\u0131c\u0131 bilgisi, \u00e7erezler (Cookies), i\u015fletim sistemi, site kullan\u0131m ge\u00e7mi\u015fi.<\/li>\n\n\n\n<li><strong>\u00d6deme Bilgileri:<\/strong>\u00a0Kredi kart\u0131 bilgileri\u00a0<strong>SSL sertifikas\u0131yla \u015fifrelenir<\/strong>\u00a0ve \u00f6deme i\u015flemleri\u00a0<strong>3D Secure<\/strong>\u00a0g\u00fcvenlik protokol\u00fcyle i\u015flenir. (\u00d6deme i\u015flemi bir arac\u0131 kurulu\u015f \u00fczerinden yap\u0131l\u0131yorsa, kart bilgileri bizde saklanmaz.)<\/li>\n<\/ul>\n\n\n\n<h2 class=\"wp-block-heading\"><strong>2. Verilerin \u0130\u015flenme Ama\u00e7lar\u0131<\/strong><\/h2>\n\n\n\n<p>Ki\u015fisel verileriniz:<\/p>\n\n\n\n<ul class=\"wp-block-list\">\n<li>Sipari\u015f ve hesap y\u00f6netimi,<\/li>\n\n\n\n<li>M\u00fc\u015fteri hizmetleri ve ileti\u015fim,<\/li>\n\n\n\n<li>Yasal y\u00fck\u00fcml\u00fcl\u00fcklerin yerine getirilmesi,<\/li>\n\n\n\n<li>Google API entegrasyonu ile kolay giri\u015f sa\u011flanmas\u0131,<\/li>\n\n\n\n<li>Site analizleri ve iyile\u015ftirmeler,<\/li>\n\n\n\n<li>Pazarlama ve promosyonlar (a\u00e7\u0131k r\u0131zan\u0131zla)<br>ama\u00e7lar\u0131yla i\u015flenir.<\/li>\n<\/ul>\n\n\n\n<h2 class=\"wp-block-heading\"><strong>3. Verilerin Payla\u015f\u0131lmas\u0131<\/strong><\/h2>\n\n\n\n<p>Ki\u015fisel verileriniz:<\/p>\n\n\n\n<ul class=\"wp-block-list\">\n<li><strong>Yasal zorunluluklar<\/strong>\u00a0(mahkeme talebi, resmi kurumlara bildirim) d\u0131\u015f\u0131nda \u00fc\u00e7\u00fcnc\u00fc \u015fah\u0131slarla payla\u015f\u0131lmaz.<\/li>\n\n\n\n<li><strong>Google API<\/strong>\u00a0ile giri\u015f yap\u0131ld\u0131\u011f\u0131nda, sadece sizin izin verdi\u011finiz bilgiler Google ile payla\u015f\u0131l\u0131r.<\/li>\n\n\n\n<li>\u00d6deme i\u015flemleri i\u00e7in\u00a0<strong>bankalar veya \u00f6deme kurulu\u015flar\u0131<\/strong>\u00a0ile payla\u015f\u0131labilir.<\/li>\n<\/ul>\n\n\n\n<h2 class=\"wp-block-heading\"><strong>4. \u00c7erezler (Cookies)<\/strong><\/h2>\n\n\n\n<p>Carsiya.com, kullan\u0131c\u0131 deneyimini iyile\u015ftirmek i\u00e7in \u00e7erezler kullan\u0131r. \u00c7erez tercihlerinizi taray\u0131c\u0131 ayarlar\u0131ndan d\u00fczenleyebilirsiniz.<\/p>\n\n\n\n<h2 class=\"wp-block-heading\"><strong>5. Veri G\u00fcvenli\u011fi<\/strong><\/h2>\n\n\n\n<ul class=\"wp-block-list\">\n<li><strong>SSL sertifikas\u0131<\/strong>\u00a0ile veri ileti\u015fiminiz \u015fifrelenir.<\/li>\n\n\n\n<li>Siber sald\u0131r\u0131lara kar\u015f\u0131 \u00f6nlemler al\u0131nm\u0131\u015ft\u0131r.<\/li>\n\n\n\n<li>Verileriniz, KVKK\u2019ya uygun olarak saklan\u0131r ve yetkisiz eri\u015fime kar\u015f\u0131 korunur.<\/li>\n<\/ul>\n\n\n\n<h2 class=\"wp-block-heading\"><strong>6. Haklar\u0131n\u0131z<\/strong><\/h2>\n\n\n\n<p>KVKK Madde 11 uyar\u0131nca:<\/p>\n\n\n\n<ul class=\"wp-block-list\">\n<li>Verilerinizin i\u015flenip i\u015flenmedi\u011fini \u00f6\u011frenme,<\/li>\n\n\n\n<li>D\u00fczeltme veya silme talep etme,<\/li>\n\n\n\n<li>\u0130\u015flenme amac\u0131n\u0131 sorgulama,<\/li>\n\n\n\n<li>R\u0131zan\u0131z\u0131 geri \u00e7ekme<br>haklar\u0131na sahipsiniz.<\/li>\n<\/ul>\n\n\n\n<p><strong>Talep ve \u0130leti\u015fim:<\/strong>&nbsp;[<a href=\"https:\/\/mailto:KVKK@carsiya.com\/\" target=\"_blank\" rel=\"noreferrer noopener\">KVKK@carsiya.com<\/a>] veya [\u0130leti\u015fim formu\/Adres] \u00fczerinden bize ula\u015fabilirsiniz.<\/p>\n\n\n\n<p><\/p>\n","protected":false},"excerpt":{"rendered":"<p>Son G\u00fcncelleme Tarihi:\u00a014 May\u0131s 2025 \u0130\u015fletme Ad\u0131:\u00a0carsiya.comWeb Sitesi:\u00a0https:\/\/www.carsiya.comVeri Sorumlusu:\u00a0carsiya.com\u0130leti\u015fim:\u00a0e-posta: info@carsiya.com, Gsm: +90(505) 708 49 47, \u00d6rnek Mh. YunusEmre Cd. No:56 Ata\u015fehir-\u0130stanbul Bu Gizlilik Politikas\u0131,&nbsp;Carsiya.com&nbsp;\u00fczerinden sa\u011flad\u0131\u011f\u0131n\u0131z ki\u015fisel verilerinizin nas\u0131l topland\u0131\u011f\u0131n\u0131, i\u015flendi\u011fini ve korundu\u011funu a\u00e7\u0131klamaktad\u0131r.&nbsp;6698 say\u0131l\u0131 Ki\u015fisel Verilerin Korunmas\u0131 Kanunu (KVKK)&nbsp;ve ilgili mevzuata uygun olarak haz\u0131rlanm\u0131\u015ft\u0131r. 1. Toplanan Ki\u015fisel Veriler Carsiya.com\u2019da a\u015fa\u011f\u0131daki ki\u015fisel verileriniz toplanabilir: 2. Verilerin<\/p>\n<div class=\"more-link\">\n             <a href=\"https:\/\/carsiya.com\/index.php\/gizlilik-ilkesi\/\" class=\"btn btn-theme\">Okumaya devam et<i class=\"fa fa-fw fa-long-arrow-right\"><\/i><\/a>\n        <\/div>\n","protected":false},"author":1,"featured_media":0,"parent":0,"menu_order":0,"comment_status":"closed","ping_status":"closed","template":"","meta":{"footnotes":""},"class_list":["post-3","page","type-page","status-publish","hentry"],"yoast_head":"<!-- This site is optimized with the Yoast SEO plugin v25.9 - https:\/\/yoast.com\/wordpress\/plugins\/seo\/ -->\n<title>Gizlilik Politikas\u0131 - Ucuz Al\u0131\u015fveri\u015f \u0130\u00e7in \u00c7ar\u015f\u0131ya<\/title>\n<meta name=\"robots\" content=\"index, follow, max-snippet:-1, max-image-preview:large, max-video-preview:-1\" \/>\n<link rel=\"canonical\" href=\"https:\/\/carsiya.com\/index.php\/gizlilik-ilkesi\/\" \/>\n<meta property=\"og:locale\" content=\"tr_TR\" \/>\n<meta property=\"og:type\" content=\"article\" \/>\n<meta property=\"og:title\" content=\"Gizlilik Politikas\u0131 - Ucuz Al\u0131\u015fveri\u015f \u0130\u00e7in \u00c7ar\u015f\u0131ya\" \/>\n<meta property=\"og:description\" content=\"Son G\u00fcncelleme Tarihi:\u00a014 May\u0131s 2025 \u0130\u015fletme Ad\u0131:\u00a0carsiya.comWeb Sitesi:\u00a0https:\/\/www.carsiya.comVeri Sorumlusu:\u00a0carsiya.com\u0130leti\u015fim:\u00a0e-posta: info@carsiya.com, Gsm: +90(505) 708 49 47, \u00d6rnek Mh. YunusEmre Cd. No:56 Ata\u015fehir-\u0130stanbul Bu Gizlilik Politikas\u0131,&nbsp;Carsiya.com&nbsp;\u00fczerinden sa\u011flad\u0131\u011f\u0131n\u0131z ki\u015fisel verilerinizin nas\u0131l topland\u0131\u011f\u0131n\u0131, i\u015flendi\u011fini ve korundu\u011funu a\u00e7\u0131klamaktad\u0131r.&nbsp;6698 say\u0131l\u0131 Ki\u015fisel Verilerin Korunmas\u0131 Kanunu (KVKK)&nbsp;ve ilgili mevzuata uygun olarak haz\u0131rlanm\u0131\u015ft\u0131r. 1. Toplanan Ki\u015fisel Veriler Carsiya.com\u2019da a\u015fa\u011f\u0131daki ki\u015fisel verileriniz toplanabilir: 2. Verilerin        Okumaya devam et\" \/>\n<meta property=\"og:url\" content=\"https:\/\/carsiya.com\/index.php\/gizlilik-ilkesi\/\" \/>\n<meta property=\"og:site_name\" content=\"Ucuz Al\u0131\u015fveri\u015f \u0130\u00e7in \u00c7ar\u015f\u0131ya\" \/>\n<meta property=\"article:modified_time\" content=\"2025-05-14T10:39:45+00:00\" \/>\n<meta name=\"twitter:card\" content=\"summary_large_image\" \/>\n<meta name=\"twitter:label1\" content=\"Tahmini okuma s\u00fcresi\" \/>\n\t<meta name=\"twitter:data1\" content=\"2 dakika\" \/>\n<script type=\"application\/ld+json\" class=\"yoast-schema-graph\">{\"@context\":\"https:\/\/schema.org\",\"@graph\":[{\"@type\":\"WebPage\",\"@id\":\"https:\/\/carsiya.com\/index.php\/gizlilik-ilkesi\/\",\"url\":\"https:\/\/carsiya.com\/index.php\/gizlilik-ilkesi\/\",\"name\":\"Gizlilik Politikas\u0131 - Ucuz Al\u0131\u015fveri\u015f \u0130\u00e7in \u00c7ar\u015f\u0131ya\",\"isPartOf\":{\"@id\":\"https:\/\/carsiya.com\/#website\"},\"datePublished\":\"2025-05-13T11:30:35+00:00\",\"dateModified\":\"2025-05-14T10:39:45+00:00\",\"breadcrumb\":{\"@id\":\"https:\/\/carsiya.com\/index.php\/gizlilik-ilkesi\/#breadcrumb\"},\"inLanguage\":\"tr\",\"potentialAction\":[{\"@type\":\"ReadAction\",\"target\":[\"https:\/\/carsiya.com\/index.php\/gizlilik-ilkesi\/\"]}]},{\"@type\":\"BreadcrumbList\",\"@id\":\"https:\/\/carsiya.com\/index.php\/gizlilik-ilkesi\/#breadcrumb\",\"itemListElement\":[{\"@type\":\"ListItem\",\"position\":1,\"name\":\"Anasayfa\",\"item\":\"https:\/\/carsiya.com\/\"},{\"@type\":\"ListItem\",\"position\":2,\"name\":\"Gizlilik Politikas\u0131\"}]},{\"@type\":\"WebSite\",\"@id\":\"https:\/\/carsiya.com\/#website\",\"url\":\"https:\/\/carsiya.com\/\",\"name\":\"Ucuz Al\u0131\u015fveri\u015f \u0130\u00e7in \u00c7ar\u015f\u0131ya\",\"description\":\"\",\"publisher\":{\"@id\":\"https:\/\/carsiya.com\/#organization\"},\"potentialAction\":[{\"@type\":\"SearchAction\",\"target\":{\"@type\":\"EntryPoint\",\"urlTemplate\":\"https:\/\/carsiya.com\/?s={search_term_string}\"},\"query-input\":{\"@type\":\"PropertyValueSpecification\",\"valueRequired\":true,\"valueName\":\"search_term_string\"}}],\"inLanguage\":\"tr\"},{\"@type\":\"Organization\",\"@id\":\"https:\/\/carsiya.com\/#organization\",\"name\":\"Ucuz Al\u0131\u015fveri\u015f \u0130\u00e7in \u00c7ar\u015f\u0131ya\",\"url\":\"https:\/\/carsiya.com\/\",\"logo\":{\"@type\":\"ImageObject\",\"inLanguage\":\"tr\",\"@id\":\"https:\/\/carsiya.com\/#\/schema\/logo\/image\/\",\"url\":\"https:\/\/carsiya.com\/wp-content\/uploads\/2025\/05\/logo.png\",\"contentUrl\":\"https:\/\/carsiya.com\/wp-content\/uploads\/2025\/05\/logo.png\",\"width\":522,\"height\":545,\"caption\":\"Ucuz Al\u0131\u015fveri\u015f \u0130\u00e7in \u00c7ar\u015f\u0131ya\"},\"image\":{\"@id\":\"https:\/\/carsiya.com\/#\/schema\/logo\/image\/\"}}]}<\/script>\n<!-- \/ Yoast SEO plugin. -->","yoast_head_json":{"title":"Gizlilik Politikas\u0131 - Ucuz Al\u0131\u015fveri\u015f \u0130\u00e7in \u00c7ar\u015f\u0131ya","robots":{"index":"index","follow":"follow","max-snippet":"max-snippet:-1","max-image-preview":"max-image-preview:large","max-video-preview":"max-video-preview:-1"},"canonical":"https:\/\/carsiya.com\/index.php\/gizlilik-ilkesi\/","og_locale":"tr_TR","og_type":"article","og_title":"Gizlilik Politikas\u0131 - Ucuz Al\u0131\u015fveri\u015f \u0130\u00e7in \u00c7ar\u015f\u0131ya","og_description":"Son G\u00fcncelleme Tarihi:\u00a014 May\u0131s 2025 \u0130\u015fletme Ad\u0131:\u00a0carsiya.comWeb Sitesi:\u00a0https:\/\/www.carsiya.comVeri Sorumlusu:\u00a0carsiya.com\u0130leti\u015fim:\u00a0e-posta: info@carsiya.com, Gsm: +90(505) 708 49 47, \u00d6rnek Mh. YunusEmre Cd. No:56 Ata\u015fehir-\u0130stanbul Bu Gizlilik Politikas\u0131,&nbsp;Carsiya.com&nbsp;\u00fczerinden sa\u011flad\u0131\u011f\u0131n\u0131z ki\u015fisel verilerinizin nas\u0131l topland\u0131\u011f\u0131n\u0131, i\u015flendi\u011fini ve korundu\u011funu a\u00e7\u0131klamaktad\u0131r.&nbsp;6698 say\u0131l\u0131 Ki\u015fisel Verilerin Korunmas\u0131 Kanunu (KVKK)&nbsp;ve ilgili mevzuata uygun olarak haz\u0131rlanm\u0131\u015ft\u0131r. 1. Toplanan Ki\u015fisel Veriler Carsiya.com\u2019da a\u015fa\u011f\u0131daki ki\u015fisel verileriniz toplanabilir: 2. Verilerin        Okumaya devam et","og_url":"https:\/\/carsiya.com\/index.php\/gizlilik-ilkesi\/","og_site_name":"Ucuz Al\u0131\u015fveri\u015f \u0130\u00e7in \u00c7ar\u015f\u0131ya","article_modified_time":"2025-05-14T10:39:45+00:00","twitter_card":"summary_large_image","twitter_misc":{"Tahmini okuma s\u00fcresi":"2 dakika"},"schema":{"@context":"https:\/\/schema.org","@graph":[{"@type":"WebPage","@id":"https:\/\/carsiya.com\/index.php\/gizlilik-ilkesi\/","url":"https:\/\/carsiya.com\/index.php\/gizlilik-ilkesi\/","name":"Gizlilik Politikas\u0131 - Ucuz Al\u0131\u015fveri\u015f \u0130\u00e7in \u00c7ar\u015f\u0131ya","isPartOf":{"@id":"https:\/\/carsiya.com\/#website"},"datePublished":"2025-05-13T11:30:35+00:00","dateModified":"2025-05-14T10:39:45+00:00","breadcrumb":{"@id":"https:\/\/carsiya.com\/index.php\/gizlilik-ilkesi\/#breadcrumb"},"inLanguage":"tr","potentialAction":[{"@type":"ReadAction","target":["https:\/\/carsiya.com\/index.php\/gizlilik-ilkesi\/"]}]},{"@type":"BreadcrumbList","@id":"https:\/\/carsiya.com\/index.php\/gizlilik-ilkesi\/#breadcrumb","itemListElement":[{"@type":"ListItem","position":1,"name":"Anasayfa","item":"https:\/\/carsiya.com\/"},{"@type":"ListItem","position":2,"name":"Gizlilik Politikas\u0131"}]},{"@type":"WebSite","@id":"https:\/\/carsiya.com\/#website","url":"https:\/\/carsiya.com\/","name":"Ucuz Al\u0131\u015fveri\u015f \u0130\u00e7in \u00c7ar\u015f\u0131ya","description":"","publisher":{"@id":"https:\/\/carsiya.com\/#organization"},"potentialAction":[{"@type":"SearchAction","target":{"@type":"EntryPoint","urlTemplate":"https:\/\/carsiya.com\/?s={search_term_string}"},"query-input":{"@type":"PropertyValueSpecification","valueRequired":true,"valueName":"search_term_string"}}],"inLanguage":"tr"},{"@type":"Organization","@id":"https:\/\/carsiya.com\/#organization","name":"Ucuz Al\u0131\u015fveri\u015f \u0130\u00e7in \u00c7ar\u015f\u0131ya","url":"https:\/\/carsiya.com\/","logo":{"@type":"ImageObject","inLanguage":"tr","@id":"https:\/\/carsiya.com\/#\/schema\/logo\/image\/","url":"https:\/\/carsiya.com\/wp-content\/uploads\/2025\/05\/logo.png","contentUrl":"https:\/\/carsiya.com\/wp-content\/uploads\/2025\/05\/logo.png","width":522,"height":545,"caption":"Ucuz Al\u0131\u015fveri\u015f \u0130\u00e7in \u00c7ar\u015f\u0131ya"},"image":{"@id":"https:\/\/carsiya.com\/#\/schema\/logo\/image\/"}}]}},"jetpack_sharing_enabled":true,"_links":{"self":[{"href":"https:\/\/carsiya.com\/index.php\/wp-json\/wp\/v2\/pages\/3","targetHints":{"allow":["GET"]}}],"collection":[{"href":"https:\/\/carsiya.com\/index.php\/wp-json\/wp\/v2\/pages"}],"about":[{"href":"https:\/\/carsiya.com\/index.php\/wp-json\/wp\/v2\/types\/page"}],"author":[{"embeddable":true,"href":"https:\/\/carsiya.com\/index.php\/wp-json\/wp\/v2\/users\/1"}],"replies":[{"embeddable":true,"href":"https:\/\/carsiya.com\/index.php\/wp-json\/wp\/v2\/comments?post=3"}],"version-history":[{"count":2,"href":"https:\/\/carsiya.com\/index.php\/wp-json\/wp\/v2\/pages\/3\/revisions"}],"predecessor-version":[{"id":122,"href":"https:\/\/carsiya.com\/index.php\/wp-json\/wp\/v2\/pages\/3\/revisions\/122"}],"wp:attachment":[{"href":"https:\/\/carsiya.com\/index.php\/wp-json\/wp\/v2\/media?parent=3"}],"curies":[{"name":"wp","href":"https:\/\/api.w.org\/{rel}","templated":true}]}}